est common divisor of 30 and 135.
15
Calculate the highest common divisor of 15 and 213.
3
Calculate the highest common factor of 169 and 481.
13
Calculate the highest common divisor of 39 and 16341.
39
What is the highest common divisor of 3255 and 1260?
105
What is the highest common divisor of 16113 and 164?
41
What is the greatest common factor of 8 and 104?
8
Calculate the highest common factor of 5325 and 50.
25
Calculate the greatest common factor of 57 and 323.
19
What is the highest common divisor of 244 and 32?
4
What is the highest common factor of 1016 and 635?
127
Calculate the highest common factor of 4375 and 350.
175
Calculate the greatest common factor of 5733 and 117.
117
Calculate the highest common factor of 24 and 400.
8
What is the greatest common divisor of 639 and 54?
9
What is the highest common divisor of 195 and 65?
65
What is the greatest common divisor of 48 and 102?
6
What is the greatest common divisor of 2575 and 206?
103
What is the highest common divisor of 10158 and 6?
6
What is the highest common divisor of 44 and 88?
44
What is the greatest common factor of 552 and 69?
69
Calculate the greatest common divisor of 2987 and 103.
103
Calculate the greatest common factor of 74 and 1258.
74
What is the highest common divisor of 44 and 180?
4
What is the highest common factor of 350 and 14?
14
What is the highest common divisor of 26 and 72683?
13
What is the greatest common factor of 55 and 5?
5
What is the greatest common divisor of 1975 and 325?
25
What is the highest common divisor of 1403 and 23?
23
What is the greatest common divisor of 25 and 65?
5
Calculate the highest common divisor of 4983 and 33.
33
Calculate the greatest common factor of 399 and 3129.
21
What is the highest common divisor of 136 and 1224?
136
Calculate the highest common factor of 579 and 2123.
193
What is the highest common factor of 1145 and 15?
5
Calculate the highest common factor of 168 and 19761.
21
What is the greatest common factor of 2352 and 36?
12
Calculate the highest common factor of 1 and 49.
1
Calculate the highest common divisor of 234 and 243.
9
Calculate the highest common factor of 288 and 54.
18
What is the highest common factor of 10 and 730?
10
What is the highest common divisor of 507 and 2704?
169
What is the highest common divisor of 44 and 308?
44
What is the greatest common factor of 530 and 11925?
265
What is the greatest common divisor of 36 and 300?
12
What is the highest common divisor of 26 and 130?
26
What is the highest common divisor of 64 and 9488?
16
What is the highest common divisor of 78 and 195?
39
What is the greatest common divisor of 70 and 110?
10
What is the highest common divisor of 196 and 28?
28
What is the highest common divisor of 250 and 75?
25
What is the greatest common divisor of 10 and 890?
10
Calculate the greatest common factor of 891 and 3.
3
Calculate the highest common factor of 15 and 485.
5
Calculate the highest common factor of 19 and 24035.
19
Calculate the greatest common factor of 407 and 1739.
37
Calculate the highest common factor of 162 and 126.
18
What is the greatest common divisor of 5598 and 18?
18
What is the greatest common divisor of 782 and 68?
34
Calculate the highest common divisor of 147 and 903.
21
What is the highest common factor of 28 and 7?
7
Calculate the highest common divisor of 165 and 10.
5
What is the highest common divisor of 725 and 315?
5
Calculate the highest common factor of 74 and 2146.
74
Calculate the highest common divisor of 60 and 24.
12
Calculate the highest common divisor of 60 and 2010.
30
What is the greatest common factor of 56 and 2254?
14
What is the highest common factor of 32 and 1016?
8
What is the highest common factor of 441 and 207?
9
What is the greatest common divisor of 39 and 5?
1
Calculate the highest common divisor of 110 and 17215.
55
Calculate the highest common factor of 5390 and 1045.
55
What is the highest common divisor of 3 and 39?
3
What is the highest common factor of 15 and 12?
3
Calculate the greatest common divisor of 2540 and 20.
20
Calculate the highest common factor of 20 and 80.
20
Calculate the greatest common divisor of 18 and 243.
9
Calculate the greatest common divisor of 33 and 44.
11
Calculate the greatest common divisor of 339 and 39.
3
What is the greatest common divisor of 7 and 25?
1
Calculate the greatest common factor of 1250 and 475.
25
What is the greatest common divisor of 696 and 5104?
232
What is the highest common factor of 3718 and 176?
22
What is the greatest common divisor of 184 and 112?
8
Calculate the highest common divisor of 280 and 40.
40
What is the highest common divisor of 35 and 45?
5
What is the greatest common divisor of 14 and 15127?
7
Calculate the highest common factor of 20 and 7780.
20
Calculate the greatest common divisor of 3184 and 16.
16
Calculate the greatest common divisor of 552 and 14536.
184
What is the highest common factor of 2 and 94?
2
Calculate the highest common factor of 135 and 9045.
135
What is the greatest common divisor of 24 and 354?
6
Calculate the highest common divisor of 138 and 2382.
6
What is the highest common factor of 76 and 684?
76
Calculate the greatest common factor of 665 and 105.
35
What is the highest common factor of 28665 and 45?
45
What is the highest common divisor of 7136 and 160?
32
Calculate the highest common factor of 4608 and 144.
144
Calculate the greatest common divisor of 1480 and 160.
40
Calculate the greatest common divisor of 144 and 504.
72
Calculate the greatest common factor of 3540 and 285.
15
What is the highest common factor of 810 and 435?
15
Calculate the highest common factor of 53351 and 31.
31
Calculate the greatest common divisor of 2704 and 16.
16
Calculate the highest common factor of 1184 and 37.
37
Calculate the highest common factor of 534 and 12.
6
What is the greatest common factor of 66 and 474?
6
What is the greatest common divisor of 75 and 1825?
25
What is the highest common factor of 1024 and 32?
32
Calculate the highest common divisor of 24 and 280.
8
Calculate the highest common factor of 24 and 696.
24
Calculate the highest common factor of 1107 and 27.
27
Calculate the greatest common factor of 221 and 68.
17
Calculate the greatest common divisor of 90 and 315.
45
What is the highest common divisor of 1704 and 72?
24
Calculate the highest common factor of 28 and 84.
28
Calculate the highest common factor of 8 and 1208.
8
Calculate the greatest common factor of 18232 and 860.
172
What is the greatest common factor of 82 and 2?
2
Calculate the greatest common divisor of 714 and 336.
42
Calculate the highest common divisor of 189 and 10017.
189
What is the greatest common divisor of 803 and 66?
11
What is the highest common divisor of 38 and 11894?
38
What is the highest common divisor of 403 and 62?
31
Calculate the highest common divisor of 37 and 2183.
37
Calculate the greatest common factor of 16181 and 11.
11
Calculate the highest common divisor of 189 and 1071.
63
Calculate the highest common factor of 2 and 26.
2
What is the greatest common divisor of 2497 and 176?
11
What is the greatest common factor of 1357 and 253?
23
What is the highest common factor of 72 and 48?
24
What is the greatest common divisor of 204 and 49776?
204
What is the greatest common divisor of 19 and 437?
19
What is the highest common factor of 40 and 8920?
40
Calculate the highest common divisor of 129 and 817.
43
Calculate the greatest common factor of 9 and 477.
9
Calculate the greatest common factor of 3810 and 20.
10
Calculate the greatest common divisor of 66 and 762.
6
What is the greatest common factor of 2 and 518?
2
What is the highest common factor of 15 and 40?
5
What is the greatest common factor of 462 and 1890?
42
Calculate the highest common factor of 1501 and 79.
79
What is the highest common divisor of 31 and 868?
31
Calculate the highest common divisor of 138 and 30.
6
What is the greatest common factor of 175 and 19005?
35
What is the highest common divisor of 76 and 304?
76
Calculate the highest common factor of 750 and 410.
10
What is the highest common divisor of 105 and 105?
105
What is the highest common factor of 3190 and 116?
58
What is the greatest common divisor of 2376 and